 factors of 11815843.
13, 908911
What are the prime factors of 14610817?
13, 1123909
What are the prime factors of 190302?
2, 3, 7, 23, 197
What are the prime factors of 991897?
313, 3169
List the prime factors of 1098607.
29, 43, 881
List the prime factors of 6010546.
2, 211, 14243
List the prime factors of 19569349.
53, 61, 6053
What are the prime factors of 1108784?
2, 23, 131
What are the prime factors of 238048?
2, 43, 173
List the prime factors of 2082652.
2, 11, 13, 331
What are the prime factors of 80096?
2, 2503
What are the prime factors of 2316466?
2, 673, 1721
What are the prime factors of 80688?
2, 3, 41
List the prime factors of 442078.
2, 7, 13, 347
List the prime factors of 301992.
2, 3, 12583
List the prime factors of 137455.
5, 37, 743
What are the prime factors of 6954965?
5, 1390993
What are the prime factors of 6683987?
67, 99761
What are the prime factors of 17260884?
2, 3, 181, 883
List the prime factors of 8855753.
499, 17747
List the prime factors of 1431880.
2, 5, 35797
List the prime factors of 2487437.
797, 3121
What are the prime factors of 1181217?
3, 393739
List the prime factors of 37825797.
3, 31, 406729
What are the prime factors of 114492?
2, 3, 7, 29, 47
What are the prime factors of 382722?
2, 3, 227, 281
List the prime factors of 194129.
13, 109, 137
List the prime factors of 5412143.
11, 492013
List the prime factors of 809687.
569, 1423
List the prime factors of 277095.
3, 5, 7, 13, 29
List the prime factors of 13369964.
2, 3342491
List the prime factors of 6528105.
3, 5, 145069
What are the prime factors of 1066592?
2, 33331
List the prime factors of 759698.
2, 379849
What are the prime factors of 3346640?
2, 5, 11, 3803
What are the prime factors of 1216409?
31, 39239
List the prime factors of 296566.
2, 79, 1877
What are the prime factors of 149128?
2, 7, 2663
What are the prime factors of 2051208?
2, 3, 31, 919
List the prime factors of 7373960.
2, 5, 11, 16759
What are the prime factors of 1285484?
2, 321371
What are the prime factors of 29456652?
2, 3, 23, 106727
What are the prime factors of 148747?
148747
What are the prime factors of 927502?
2, 41, 11311
What are the prime factors of 243424?
2, 7607
List the prime factors of 2489707.
11, 226337
What are the prime factors of 179799?
3, 73, 821
List the prime factors of 3430811.
19, 180569
What are the prime factors of 16590698?
2, 8295349
What are the prime factors of 9171388?
2, 23, 99689
List the prime factors of 63847.
7, 1303
What are the prime factors of 713401?
13, 54877
What are the prime factors of 5237648?
2, 13, 149
List the prime factors of 243823.
23, 10601
What are the prime factors of 903088?
2, 56443
List the prime factors of 63093.
3, 21031
List the prime factors of 344411.
283, 1217
What are the prime factors of 100880?
2, 5, 13, 97
What are the prime factors of 1810769?
47, 59, 653
List the prime factors of 359129.
359129
What are the prime factors of 153430?
2, 5, 67, 229
List the prime factors of 35536.
2, 2221
What are the prime factors of 36943761?
3, 12314587
List the prime factors of 1310682.
2, 3, 218447
What are the prime factors of 7497049?
7, 153001
List the prime factors of 12373.
12373
What are the prime factors of 239688?
2, 3, 3329
What are the prime factors of 565064?
2, 23, 37, 83
List the prime factors of 6159925.
5, 53, 4649
List the prime factors of 4727.
29, 163
What are the prime factors of 4469123?
19, 41, 5737
List the prime factors of 1774964.
2, 37, 67, 179
What are the prime factors of 2247329?
7, 321047
What are the prime factors of 563700?
2, 3, 5, 1879
List the prime factors of 18926406.
2, 3, 17, 53, 389
List the prime factors of 8260457.
8260457
List the prime factors of 1755846.
2, 3, 97547
List the prime factors of 453181.
453181
List the prime factors of 21900353.
31, 706463
List the prime factors of 32528668.
2, 1753, 4639
What are the prime factors of 656524?
2, 11, 43, 347
What are the prime factors of 417024?
2, 3, 181
What are the prime factors of 255626?
2, 7, 19, 31
List the prime factors of 284874.
2, 3, 79, 601
List the prime factors of 3331529.
1747, 1907
List the prime factors of 13420700.
2, 5, 134207
List the prime factors of 1128216.
2, 3, 29, 1621
What are the prime factors of 144778?
2, 191, 379
What are the prime factors of 3504199?
43, 227, 359
What are the prime factors of 347144?
2, 7, 6199
What are the prime factors of 412825?
5, 7, 337
What are the prime factors of 898135?
5, 7, 67, 383
List the prime factors of 16198061.
11, 1472551
What are the prime factors of 3208206?
2, 3, 17, 71, 443
List the prime factors of 2306.
2, 1153
List the prime factors of 3937178.
2, 7, 281227
List the prime factors of 5010344.
2, 31, 89, 227
What are the prime factors of 179813?
179813
What are the prime factors of 9148077?
3, 1016453
List the prime factors of 136581.
3, 53, 859
List the prime factors of 576813.
3, 192271
What are the prime factors of 1279364?
2, 29, 41, 269
List the prime factors of 131716.
2, 13, 17, 149
What are the prime factors of 32593?
11, 2963
List the prime factors of 9238167.
3, 101, 10163
List the prime factors of 5195245.
5, 11, 59, 1601
What are the prime factors of 2587650?
2, 3, 5, 13, 1327
What are the prime factors of 30895435?
5, 6179087
What are the prime factors of 17404?
2, 19, 229
What are the prime factors of 8719077?
3, 223, 13033
What are the prime factors of 223446?
2, 3, 167, 223
List the prime factors of 1107836.
2, 419, 661
List the prime factors of 5406551.
37, 47, 3109
List the prime factors of 99969.
3, 47, 709
List the prime factors of 648030.
2, 3, 5, 21601
What are the prime factors of 557593?
19, 29347
List the prime factors of 419364.
2, 3, 11, 353
What are the prime factors of 571599?
3, 7, 43, 211
List the prime factors of 1105636.
2, 7, 5641
List the prime factors of 3830497.
11, 31657
List the prime factors of 39046466.
2, 61, 320053
List the prime factors of 2697073.
2697073
What are the prime factors of 48093?
3, 17, 23, 41
What are the prime factors of 314342?
2, 7, 22453
What are the prime factors of 28577436?
2, 3, 2381453
List the prime factors of 447559.
7, 17, 3761
List the prime factors of 746411.
746411
What are the prime factors of 399503?
13, 79, 389
What are the prime factors of 15005913?
3, 13, 23, 16729
List the prime factors of 25718132.
2, 11, 457, 1279
List the prime factors of 6104380.
2, 5, 305219
List the prime factors of 16627230.
2, 3, 5, 239, 773
What are the prime factors of 702170?
2, 5, 7, 1433
What are the prime factors of 39674243?
7, 17, 333397
List the prime factors of 11908796.
2, 59, 50461
What are the prime factors of 14697842?
2, 7348921
List the prime factors of 1860926.
2, 887, 1049
List the prime factors of 188188.
2, 7, 11, 13, 47
What are the prime factors of 2029348?
2, 61, 8317
List the prime factors of 36884.
2, 9221
List the prime factors of 215467.
7, 30781
What are the prime factors of 248596?
2, 19, 3271
What are the prime factors of 495714?
2, 3, 82619
What are the prime factors of 57027?
3, 19009
What are the prime factors of 289455?
3, 5, 23, 839
What are the prime factors of 3817141?
41, 157, 593
List the prime factors of 100510.
2, 5, 19, 23
What are the prime factors of 32996?
2, 73, 113
List the prime factors of 1034338.
2, 517169
What are the prime factors of 123726?
2, 3, 17, 1213
What are the prime factors of 774577?
774577
What are the prime factors of 18842075?
5, 7, 67, 1607
What are the prime factors of 211994?
2, 105997
What are the prime factors of 232399?
307, 757
What are the prime factors of 178404?
2, 3, 14867
List the prime factors of 3550007.
3550007
List the prime factors of 210851.
17, 79, 157
List the prime factors of 9710576.
2, 37, 47, 349
What are the prime factors of 1407480?
2, 3, 5, 37, 317
List the prime factors of 825326.
2, 412663
What are the prime factors of 6426102?
2, 3, 17, 251
What are the prime factors of 5562?
2, 3, 103
What are the prime factors of 2107481?
1151, 1831
What are the prime factors of 1990591?
41, 47, 1033
What are the prime factors of 3390357?
3, 53, 21323
List the prime factors of 4234719.
3, 1411573
What are the prime factors of 106162?
2, 7, 7583
What are the prime factors of 1299782?
2, 11, 41, 131
List the prime factors o